late the remainder when b is divided by 22.
21
Suppose 112*t = 84*t + 455 - 7. Calculate the remainder when 8716 is divided by t.
12
Let c(a) = 14*a + 3*a**2 - 4*a**2 + 6*a**3 - 13*a. Let r(j) = -j + 77. What is the remainder when r(24) is divided by c(1)?
5
Suppose 39 = 6*x + 2*x - 121. Calculate the remainder when 932 is divided by x.
12
Let h = -64 + 64. Suppose 0 = 3*z - h*z. Suppose 0*a = -2*a - c + 165, z = -2*a + c + 159. What is the remainder when a is divided by 14?
11
Suppose -o = 5*t + 7, 2*t = -4*o + 2*o - 22. Suppose -n = -73 + 13. Calculate the remainder when n is divided by (-2)/(-2) + -4 - o.
6
Suppose 703*y - 674*y - 8758 = 0. Calculate the remainder when 326 is divided by y.
24
Let j = -44226 + 44369. Calculate the remainder when 12295 is divided by j.
140
Let g be (3 - 14/4)*7*2. Let c(r) = r**2 + 9*r + 17. Let t be c(g). Suppose t*s - 5*s = -6, -3*o + 90 = 3*s. Calculate the remainder when o is divided by 6.
3
Suppose 851 = 4*q + j, -863 = -4*q - 2*j - 3*j. What is the remainder when q is divided by 1120/63 + (-2)/(-9)?
14
Let u(l) = -21*l**2 + 128*l - 4. Let p(t) = t**3 + 26*t**2 + 28*t + 81. Let k be p(-25). What is the remainder when 14 is divided by u(k)?
6
Let b = 58 + -318. Let g = b - -364. Calculate the remainder when g is divided by 27.
23
Let r be (-485)/20 + 3/(-4). Let y be r/2*(-8 - (-3 - 1)). Suppose -70 - y = -8*f. What is the remainder when 52 is divided by f?
7
Suppose 940 = -5*i + 1015. Let g be (-3)/12 + (-34)/(-8). What is the remainder when (-891)/(-18) - (-2)/g is divided by i?
5
Suppose 22 = 9*z - 122. Suppose 6*j - 1860 = 11*j. Calculate the remainder when 1*(-5)/(20/j) is divided by z.
13
Suppose 0 = k - 5*m - 138, 3*k + 3*m + 385 - 871 = 0. What is the remainder when k is divided by 36?
14
Let d = -2401 + 2467. Calculate the remainder when 1115 is divided by d.
59
Let z(j) = 52*j. Let l = -37 + 38. Let t = 33 + -24. What is the remainder when z(l) is divided by t?
7
Let h = 111 + -78. Suppose 4*o = h - 9. Calculate the remainder when (-13)/(-2)*-8*(-6)/o is divided by 11.
8
Suppose -18*d = -3*f - 22*d + 411, -2*f - 4*d + 270 = 0. Let q = f - -19. What is the remainder when q is divided by 41?
37
Let f(s) = -4*s - 144. Let j be f(-24). Let l(c) = c**3 + 47*c**2 - 45*c + 149. What is the remainder when 39 is divided by l(j)?
4
Let k = -35 - -43. Suppose -16 = 6*i + k. What is the remainder when i + 0 + 36 - -2 is divided by 7?
6
Suppose -2*h = -3*r - 6*h + 318, 0 = 5*r - 3*h - 501. Suppose 43*z = 67*z + 2184. Let f = r + z. Calculate the remainder when f is divided by 11.
0
Suppose 4*a - 5*p - 53 = 0, -4*a - 21 = 2*p - 95. Suppose a*h = 19*h - 126. What is the remainder when h is divided by 13?
11
Calculate the remainder when (-498)/(-5) + 4/10 is divided by (5 + -67)/(-73 - -71).
7
Let y(t) = -t**2 - 8*t - 3. Let m be y(-8). What is the remainder when (-6 - -1) + (-8 - m) + 218 is divided by 21?
19
Let p = -33 + 55. Suppose -p - 57 = -g. What is the remainder when g is divided by 4/(-28) + ((-1900)/35)/(-2)?
25
Suppose 14777 = 16*z - 967. Let w = z + -935. Calculate the remainder when 97 is divided by w.
48
Let j = 2346 + -1093. Calculate the remainder when j is divided by 34.
29
Let s = 4046 + -2016. What is the remainder when s is divided by 19?
16
Suppose 34*k = -23*k + 10602. Let r = -666 - -696. What is the remainder when k is divided by r?
6
Suppose 33*c + 3564 = 87*c. What is the remainder when 395 is divided by c?
65
Let p(g) = 2*g**2 + 5*g + 2. Let h be p(-3). Suppose 0 = -5*u - h*o + 32 + 23, 0 = -5*u - 4*o + 60. What is the remainder when 38 is divided by u?
6
Let x(h) = -211*h + 6570. What is the remainder when 10381 is divided by x(31)?
28
Let i = 77 - 30. Let w = i - 49. Calculate the remainder when (-6)/(((-3)/w)/(-1)) is divided by 4.
0
Let p(z) = -2*z**2 + z + 9. Let h be 4/(-6) - 1172/(-3). Suppose 2*w - 6*w = -j + 106, -w + h = 4*j. Calculate the remainder when j is divided by p(0).
8
What is the remainder when (-2 + 1308/32)/((100/32)/25) is divided by 42?
17
Let g be 5*-8*(-2)/20. Suppose -g*v = 2*q, -2*v - 2*q + 4*q = -6. What is the remainder when 42 is divided by (-574)/(-21) - v/3?
15
What is the remainder when 255*(1 + (-5)/(-30))*(-54)/(-3) is divided by 47?
44
Suppose 83*y - 701 = 200 + 1174. Calculate the remainder when 1695 is divided by y.
20
Suppose -z - 1449*f + 636 = -1448*f, -3*z + f = -1924. Calculate the remainder when z is divided by 65.
55
Let i(t) = -t**2 + 5*t + 2. Let s be i(4). Suppose s*v - 897 = -15. Let a = v + -95. Calculate the remainder when a is divided by 15.
7
Let t = 6094 - 4533. What is the remainder when t is divided by 388?
9
Let p(q) = 9*q**2 + 187*q - 167. What is the remainder when 10199 is divided by p(-22)?
74
Let g = 69 - 46. What is the remainder when 4/(-22) + (1 - 17256/(-44)) + -3 is divided by g?
22
Suppose f + 4*n - 20 = -16, 0 = -2*f + n - 1. Suppose 0 = -4*i + 12, f = 6*r - r - 2*i - 244. What is the remainder when r is divided by 13?
11
Let l = -547 - -569. Suppose n = 5*m - 758, 3*n - 8*n = 2*m - 287. Calculate the remainder when m is divided by l.
19
Suppose 7*z + 63 = 16*z. Suppose -u - z*s + 5 = -6*s, -4*u + 3*s = -20. What is the remainder when 53 is divided by u?
3
Let v = -26 - -46. Let s = 96 - 94. Suppose -4*d - s*w + 224 = 0, 0 = -2*d + 3*w + 81 + 39. Calculate the remainder when d is divided by v.
17
Suppose 5*y - 6 = n, n - 3*y = 3*n + 12. Let t = 9 + n. Calculate the remainder when 90/855 + (-150)/(-19) is divided by t.
2
Let x(s) = -4*s**3 + 9*s**2 - 35*s - 147. What is the remainder when x(-4) is divided by 185?
23
Suppose 7427 + 11983 = 73*f - 8184. Calculate the remainder when f is divided by 20.
18
Suppose h - 4*t - 118 = 0, 5*h + 161*t = 159*t + 568. What is the remainder when 1354 is divided by h?
100
Let k be (-12)/(1 - -3) + 26. Suppose k - 3 = 2*a. What is the remainder when 14 - (2 + (0 - 11) + 4) is divided by a?
9
Suppose -2*t = -0*t - 4, 5*m = -6*t + 45732. What is the remainder when m is divided by 295?
294
Let q(g) = -961*g - 4960. What is the remainder when q(-7) is divided by 52?
51
Let h(b) = -b**3 - 9*b**2 + b + 10. Let q be h(-9). Let r(y) = 6*y - y + 27*y - q + 36*y. Calculate the remainder when r(1) is divided by 14.
11
Suppose 152*j + 1508 = 181*j. Calculate the remainder when 255 is divided by j.
47
Suppose -2*c - 755 = -745. Calculate the remainder when (0 - 7 - c) + 214 is divided by 24.
20
Let u = -1901 - -2445. What is the remainder when u is divided by 78?
76
Let t = -73 + 107. Suppose 4*u = -0*r - r + t, 2*u = -4*r + 192. What is the remainder when r is divided by ((-15)/(-10))/(2/12)?
5
Suppose 0 = -2*u + 48 - 8. Let s = 2204 + -2161. Suppose -9*x = -u - s. Calculate the remainder when 22 is divided by x.
1
Let x(s) = -7*s + 221. What is the remainder when x(-9) is divided by 2?
0
Let b(s) = -60*s + 4. Suppose -4*v + 8*p - 11 = 5*p, v + 5 = 3*p. Calculate the remainder when b(v) is divided by 28.
12
Let f(t) = 78*t**2 - 103*t + 101. Calculate the remainder when f(1) is divided by 25.
1
Suppose -2*b - a = -3*b + 101, 2 = 2*a. Calculate the remainder when b is divided by 9/(5 + 3 + -5)*7.
18
Let j(m) = -m**3 + 44*m**2 + 95*m + 20. Let s be j(46). Suppose -147 - s = -5*a. What is the remainder when 115 is divided by a?
54
Calculate the remainder when 3120/546*287/2 is divided by 42.
22
Let d(x) = -231*x**2 - 2*x - 12. Let t(c) = -346*c**2 - 3*c - 17. Let y(u) = 7*d(u) - 5*t(u). Calculate the remainder when y(-1) is divided by 34.
11
Calculate the remainder when ((-290)/(-2))/((-195)/(-2262)) is divided by 17.
16
Let f(c) = -c. Let q be f(-6). Suppose -5*x = -86 + q. Suppose -310*k - 329*k = -30033. Calculate the remainder when k is divided by x.
15
What is the remainder when 1269 is divided by (32/(-48))/(5 + (-2014)/402)?
63
Let j(q) = -98*q + 25. Let h be j(2). Let p = h - -209. What is the remainder when p is divided by 8?
6
Let s be -4*(9/(-12) - -2). Let v be (-9)/2 + 9/18 + 2. Let z = v - s. Calculate the remainder when 13 is divided by z.
1
Let g = -93100 - -93219. Let r(a) = -a + 18. Calculate the remainder when g is divided by r(0).
11
Let s be 552/32*12/3. Suppose 0 = 2*n - 5*r - 32, 5*n + r + 16 = s. Calculate the remainder when 129 is divided by n.
8
Suppose -42*q + 37*q 